c = -24136. What is the hundreds digit of c?
8
What is the ten thousands digit of ((-855)/(-114))/(9/14730)?
1
Suppose -j - 3*x = -5, -2*j + 2*x = x + 11. Let b be -3 + 86/(3*j/(-12)). Let z = -52 + b. What is the tens digit of z?
3
Suppose -4 = -2*c - 5*w - 0*w, w = 0. Suppose -3*j - c = 3*r + 4, -40 = -5*r + 5*j. What is the units digit of 1 + r*12 - -1?
8
Suppose -109*t = -2*l - 107*t + 10674, -15979 = -3*l - 5*t. What is the units digit of l?
3
Let v = 1940 + -839. What is the hundreds digit of (-4 - -11) + -3 + v/3?
3
Suppose -13 + 9 = -2*w. Suppose -47*u + 3692 = -44*u - t, w*u + t - 2468 = 0. What is the units digit of u?
2
What is the ten thousands digit of 5344/(-6)*(-22)/(88/(-6))*-30?
4
Let q = -8255 - -31103. What is the units digit of q?
8
Suppose -4*s = -2*n + 2286, -2*n + 7*s = 6*s - 2298. Let x = n + 79. What is the hundreds digit of x?
2
Suppose -28 = -5*l + 3*o + 126, 5*l + 5*o - 170 = 0. Let b = -89 - -265. Suppose 4*q + l = x, -x = 2*x + 4*q - b. What is the tens digit of x?
5
Let r(g) = -g**2 - 12*g - 18. Let x be r(-9). Let l = -29 + x. What is the units digit of 7/(105/(-6)) - 408/l?
0
Let s(p) be the third derivative of -5*p**4/6 - 4*p**3/3 - 38*p**2. Let w be (3/((-18)/4))/(24/252). What is the units digit of s(w)?
2
Suppose 310 = 3*p - 8*p. Let i = p + 72. Suppose -40 + i = -3*j. What is the units digit of j?
0
Let x(g) = g**2 + 5*g - 10. Let f be x(5). Suppose 0*p = 8*p - f. What is the hundreds digit of (p - 17)/((-6)/51)?
1
Suppose 28*a = 67*a - 79504 - 139637. What is the thousands digit of a?
5
Let b = 11424 + -4175. What is the thousands digit of b?
7
Let o(x) = -3*x**3 + 3*x**2 - 2*x - 1. Let w(a) = a**3 + a**2 - 1. Let l(t) = o(t) + 4*w(t). What is the hundreds digit of l(7)?
6
Suppose 0 = -4*m - 0*o + 5*o - 16, m = -3*o - 21. Let g = m - 40. Let n = g + 69. What is the units digit of n?
0
Let g(w) = -w**3 - 5*w**2 - 14*w - 23. Suppose 101*x - 106*x - 35 = 0. Let u be g(x). Let f = -42 + u. What is the tens digit of f?
3
Let q(n) = -n**3 + 9*n**2 - 10*n + 20. Let g be q(8). Let y(i) = i**3 - 3*i**2 - 8*i + 14. Let v be y(g). What is the hundreds digit of v/5 + 1674/10?
1
Let g = -4 + 6. Let z be ((-4)/(-24) - (-32)/(-48))*-8. Suppose n + 3*n - 16 = -4*m, -4*n + g*m = -z. What is the units digit of n?
2
What is the hundreds digit of (11 + (-408)/36)*(6 + -145155)?
3
Suppose -2*g - 108 + 643 = -3*n, -n - 3*g = 182. What is the units digit of (-2)/(1/n*2) + -1?
8
What is the thousands digit of (9/(-27) - 1196326/(-30)) + 268/335?
9
Let r = 292 + -292. Suppose r = -130*l + 109*l + 15414. What is the tens digit of l?
3
Let p(n) = -16*n - 84*n**2 + 37 + 186*n**2 - 58*n**2 + 2*n**3. What is the units digit of p(-22)?
9
Let r = -26 + 30. Suppose 0*z - r*z + 20 = 0. Suppose 80 = z*h + 5*h. What is the units digit of h?
8
Suppose -y + 27 - 7 = 0. Let r = y + -20. Suppose z + 4*z - 210 = 5*l, r = 4*z - 3*l - 165. What is the units digit of z?
9
Suppose -4*g + 20697 = -16883. Suppose 0*v - 5*v + g = 0. What is the tens digit of v?
7
Let g(f) = 3*f - 15. Let q be g(6). Suppose 3*d = -3*p + 1801 - 280, -q*d + 4*p = -1556. What is the hundreds digit of d?
5
Suppose -6*k + 7*k = 410. Suppose -2*c - 3*s - 15 + k = 0, 3*s = 2*c - 389. What is the units digit of c?
6
Let d(x) = 5*x**2 + 21 - 3 - 14*x - 4*x**2. Let l(h) = h**3 - 32*h**2 - 65*h - 79. Let r be l(34). What is the units digit of d(r)?
5
Let y be (-7)/(-3) + (-3)/9. What is the tens digit of y/(-4) + ((-8298)/(-4))/9?
3
Let t(z) = z**3 + 11*z**2 + 9*z - 4. Let s be t(-10). Let m be (-11 + 8)*(-10)/s. Suppose -4*o = 20, -m*o - 210 = -4*l - l. What is the tens digit of l?
3
Let l(j) = 13*j**2 - 40*j + 1403. What is the thousands digit of l(-45)?
9
Let r(m) = 2*m**2 - 13*m - 20. Let n be r(-5). Suppose 7*c - 6296 = n. What is the hundreds digit of c?
9
Suppose 4*f + 4*d + d = 304, 0 = 2*f + 4*d - 158. Suppose 5*u - 3*y + 53 = -64, 2*y = -3*u - 55. Let o = f - u. What is the units digit of o?
2
Let x(l) = l**2 + 6362. Let c be x(0). Suppose -7967 = -5*u + y, -2*u = -6*u - 5*y + c. What is the units digit of u?
3
Let b = -82 - -160. Suppose 199 = 10*l + 89. Let y = b + l. What is the units digit of y?
9
Suppose 5*l = -p + 11442, 15*l = 5*p + 14*l - 57106. What is the hundreds digit of p?
4
Let h(s) = 5*s - 1. Let p be h(1). Suppose 0 = -p*z - 2*o + 140, -4*z = -0*z + 4*o - 132. What is the tens digit of z?
3
Let d(g) = 48*g - 40. Let x be (-12)/((-4)/(-1)) - (-14 - -2). What is the tens digit of d(x)?
9
Let p = -24 - -16. Let k be p/(-32) - (-44)/16. Suppose -k*t = -0*t - 519. What is the hundreds digit of t?
1
What is the hundreds digit of (-228865)/(-14) + -4*1 - 12/8?
3
Suppose 112696 - 69101 = 109*j - 220403. What is the hundreds digit of j?
4
Let u be (-15)/20 + 1 + 966/8. Let s = u + -104. Suppose -s*z + 705 = -14*z. What is the hundreds digit of z?
2
Let c be ((-210)/4)/5*6/(-9). Suppose 1322 = c*q + 503. What is the tens digit of q?
1
Let b = -58 + -5. What is the units digit of 4/(-2) + (7 - b)?
8
Let g(n) = -n**3 + 11*n**2 + 29*n - 1. Let p be (0 - -2 - (1 - -2))*-12. Let a be g(p). Let k = a + -106. What is the units digit of k?
7
Let b = -28824 - -63769. What is the thousands digit of b?
4
Let z = 478 + -475. What is the hundreds digit of 1827/(-42)*(-8)/z - 6?
1
Let p = 20 - 3. Let d = p - 15. Suppose 276 = d*o + 28. What is the hundreds digit of o?
1
What is the hundreds digit of 1/(-5) + (67787478/(-90))/(-11)?
4
Let d(x) = 760*x - 12. What is the hundreds digit of d(4)?
0
Let u be 27186/92*-1*4/(-6). Suppose g + u = 711. What is the units digit of g?
4
Suppose 0 = 3*b - 4*u + 26, b + 3*u + 11 = -15. Let v be (-4)/b + 2/(-7). Suppose v = -0*j + j + 5, 3*m - 179 = j. What is the units digit of m?
8
Let t(a) = 3*a**3 - 5*a**2 + 26125. What is the units digit of t(0)?
5
Let n(w) = 87*w + 45. Let z be n(-8). Let m = z + 1114. What is the hundreds digit of m?
4
Suppose 0 = 2*l + 5*j - 18551, 4*j - 18550 = -13*l + 11*l. What is the tens digit of l?
7
Suppose -2012 = -2*h - f, -5*h - 3*f = 886 - 5914. Let n = h + -309. What is the tens digit of n?
9
Let v(k) be the third derivative of 3*k**4/8 - 25*k**3/6 + 25*k**2. Let m be v(6). Suppose m*a - 212 = 28*a. What is the units digit of a?
2
Let x(m) = -4*m**3 - 60*m**2 + m + 21. Let c be x(-15). Suppose 0 = 4*t + 5*p - 6192, 0 = 2*p - c*p. What is the thousands digit of t?
1
Suppose -15 = 3*a, 27 - 4304 = -2*p + 3*a. What is the tens digit of p?
3
Let w(t) = 8*t**3 - t**2 - 22*t + 2. Let p(b) = 7*b**3 - b**2 - 25*b + 2. Let m(y) = 5*p(y) - 6*w(y). What is the units digit of m(-5)?
3
Let x = -16346 - -72766. What is the tens digit of x?
2
Suppose 2*b = -q + 6784, 14*q - 4*b + 33950 = 19*q. What is the units digit of q?
4
Suppose 2913*i - 2899*i - 152712 = 0. What is the units digit of i?
8
Suppose -3*j - 5*s = -4396 - 85, -4*j + 6028 = -4*s. What is the thousands digit of j?
1
Let o(m) = 859*m. Let y be o(1). Let k = -491 + y. What is the units digit of k?
8
Suppose -5*s + 485 = 5*g, 0 = s - g - 51 - 46. Suppose -95*r = -s*r + 28. Suppose -r*w + 1576 = -1028. What is the tens digit of w?
8
Let w = 5974 + 213. What is the hundreds digit of w?
1
Let l(v) = -2310*v - 5. Let b be l(-3). Suppose -8*t + b = -3467. What is the hundreds digit of t?
2
Let c be 48/5 - (-10)/25. Suppose c - 5 = p. Suppose 5*n + 0*u + 4*u = 723, -4*n - p*u + 582 = 0. What is the hundreds digit of n?
1
What is the units digit of (-1368367)/(-119) - (-8)/68?
9
Let j(i) be the second derivative of 19*i**3/6 + 17*i**2/2 - 2*i + 6. What is the tens digit of j(15)?
0
Let f = 486 - -183. Let m = f + -414. Suppose -3*t = -8*t + m. What is the tens digit of t?
5
What is the tens digit of 141968/9 + 414/(-1863)?
7
Let x(k) = -k**3 - 11*k**2 - 33*k - 10. Let q be x(-7). Suppose -y + 1327 = -22*h + q*h, 3*y + 1347 = 3*h. What is the units digit of h?
4
Let f = 59 + -55. Suppose 4*y = -2*l + 6, 0 = f*y + 2*l - l - 3. Suppose -4*n + 280 = -y*n. What is the tens digit of n?
7
Suppose 0 = 8*s - 3*s. Let j(n) = 11*n + 52. Let o(c) = 8*c + 52. Let w(t) = -3*j(t) + 4*o(t). What is the tens digit of w(s)?
5
Let k = -193 - -195. What is the units digit of 0 - k - 22/(-2)?
9
Suppose 0 = -2*u + 30*q - 31*q + 70778, 5*q + 30 = 0. What is the units digit of u?
2
Let 